e 7.
153355
What is -50 (base 12) in base 7?
-114
What is -543 (base 6) in base 2?
-11001111
Convert -10626 (base 11) to base 16.
-3c23
What is -129 (base 15) in base 6?
-1120
-11212 (base 3) to base 13
-a1
Convert -163612 (base 7) to base 4.
-13330201
-405430 (base 7) to base 11
-47a63
What is 184b (base 14) in base 13?
1cbb
What is 1010001011001100 (base 2) in base 15?
c536
Convert 3d7a (base 14) to base 6.
122224
Convert 10313 (base 4) to base 11.
263
-786 (base 14) to base 12
-a42
Convert 96b (base 12) to base 14.
707
-1131202 (base 5) to base 7
-114435
Convert -1025 (base 8) to base 3.
-201202
Convert -1333 (base 9) to base 3.
-1101010
Convert 651 (base 7) to base 15.
170
Convert -2132 (base 8) to base 7.
-3151
Convert 11330 (base 4) to base 9.
462
614 (base 7) to base 16
131
-46b (base 14) to base 8
-1557
What is -756 (base 16) in base 14?
-982
What is -1124440 (base 5) in base 9?
-31251
Convert 44060 (base 7) to base 12.
6462
What is -2a8 (base 14) in base 2?
-1000011100
305 (base 6) to base 7
221
Convert 11321 (base 4) to base 7.
1046
Convert 211130 (base 5) to base 4.
1232000
What is 73152 (base 8) in base 6?
352202
328 (base 13) to base 6
2301
-83a (base 13) to base 11
-1064
What is -43020 (base 5) in base 3?
-10221212
14618 (base 10) to base 12
8562
Convert 116 (base 10) to base 7.
224
1114423 (base 5) to base 16
4e14
Convert 598 (base 10) to base 8.
1126
30422 (base 5) to base 15
8c7
Convert -c63 (base 13) to base 5.
-31414
Convert 60303 (base 7) to base 5.
431211
What is a8b (base 15) in base 7?
6641
Convert 305 (base 9) to base 2.
11111000
What is 15988 (base 11) in base 10?
22481
Convert 411 (base 12) to base 2.
1001001101
Convert -829 (base 16) to base 5.
-31324
What is -883 (base 14) in base 13?
-9c6
Convert 2237 (base 8) to base 2.
10010011111
Convert -6727 (base 10) to base 12.
-3a87
What is 3022 (base 13) in base 9?
10064
2476 (base 9) to base 7
5253
-4183 (base 11) to base 8
-12640
What is -473 (base 15) in base 14?
-520
5bf (base 16) to base 5
21341
Convert 629 (base 10) to base 8.
1165
What is 22050 (base 6) in base 3?
11012010
Convert 1111111010000 (base 2) to base 8.
17720
Convert 1421432 (base 5) to base 13.
10633
What is 725 (base 9) in base 5?
4330
What is 51a (base 12) in base 9?
1014
What is -123431 (base 5) in base 15?
-1696
Convert -1603 (base 7) to base 13.
-3a3
What is -180 (base 10) in base 6?
-500
2b0e (base 16) to base 14
4034
-114221 (base 5) to base 13
-1c68
Convert 13303 (base 4) to base 7.
1312
Convert -abd (base 16) to base 12.
-1711
-1080 (base 15) to base 4
-312213
What is 15327 (base 9) in base 12?
608a
Convert -11111000011 (base 2) to base 3.
-2201121
9fc (base 16) to base 5
40211
27 (base 11) to base 7
41
Convert 531 (base 9) to base 10.
433
Convert -1 (base 2) to base 5.
-1
What is 1111011100010 (base 2) in base 13?
37a2
What is 44511 (base 9) in base 12?
15147
-2104 (base 5) to base 13
-186
110110001 (base 2) to base 8
661
What is -715c (base 13) in base 3?
-210102201
1445 (base 7) to base 16
23c
Convert 101010 (base 3) to base 4.
10101
What is -132222 (base 4) in base 9?
-2620
-52013 (base 6) to base 8
-15411
What is -301003 (base 6) in base 14?
-881d
What is 338 (base 10) in base 7?
662
-9406 (base 11) to base 16
-30b5
What is 1244 (base 7) in base 15?
218
What is -273 (base 8) in base 12?
-137
What is -186 (base 12) in base 6?
-1050
What is 1000000111001 (base 2) in base 9?
5624
What is 1a08 (base 15) in base 10?
5633
-381 (base 14) to base 3
-221222
Convert -2831 (base 11) to base 12.
-2154
-3355 (base 6) to base 9
-1068
What is 3112 (base 16) in base 14?
4814
146427 (base 9) to base 2
10101111110100000
Convert 340 (base 7) to base 10.
175
What is -408b (base 16) in base 12?
-968b
What is 111451 (base 8) in base 10?
37673
Convert 1100010010011 (base 2) to base 8.
14223
What is -131 (base 11) in base 13?
-bc
-11110012 (base 3) to base 6
-23005
2442101 (base 5) to base 3
2100211012
Convert -122200122 (base 3) to base 5.
-403041
Convert 112 (base 4) to base 16.
16
Convert 148bb (base 12) to base 16.
710f
What is -10101101100 (base 2) in base 16?
-56c
Convert -43203 (base 5) to base 9.
-4013
What is 1347 (base 8) in base 5?
10433
What is -71b3 (base 16) in base 11?
-1a961
-13c8 (base 15) to base 10
-4238
Convert 1215 (base 14) to base 6.
22335
322310 (base 4) to base 6
25232
Convert -2102112 (base 3) to base 4.
-123221
-882 (base 10) to base 5
-12012
41a (base 11) to base 9
621
-290a (base 12) to base 6
-34014
-21dc (base 16) to base 14
-3232
-d9a (base 16) to base 10
-3482
What is 13329 (base 13) in base 12?
187a6
What is -100010101000 (base 2) in base 16?
-8a8
-409 (base 15) to base 16
-38d
What is bcd (base 15) in base 4?
221230
What is -c732 (base 13) in base 6?
-331420
Convert -1141221 (base 5) to base 6.
-243124
Convert -116c (base 13) to base 8.
-4630
What is 26005 (base 8) in base 13?
518b
21010021 (base 3) to base 5
131231
Convert -324342 (base 5) to base 4.
-2233112
What is 45c (base 13) in base 16?
2f1
What is 11021122 (base 3) in base 2?
110000110010
What is 61142 (base 7) in base 13?
6998
What is -313 (base 8) in base 14?
-107
-1024 (base 14) to base 7
-11044
What is -23331 (base 5) in base 3?
-2100120
Convert -57c (base 15) to base 9.
-1630
What is 114611 (base 7) in base 3?
1001122102
What is 1023 (base 7) in base 9?
440
Convert -41338 (base 9) to base 14.
-9d07
Convert 227 (base 12) to base 8.
477
Convert 3223 (base 8) to base 11.
12a0
Convert -2434032 (base 5) to base 7.
-251345
What is 547 (base 11) in base 8?
1220
12223 (base 9) to base 11
6187
Convert -4512 (base 6) to base 14.
-552
1041 (base 8) to base 15
265
What is -12573 (base 8) in base 6?
-41243
Convert 2113 (base 12) to base 2.
111000011111
Convert -13131 (base 5) to base 15.
-496
-9197 (base 13) to base 6
-232522
29a1 (base 12) to base 16
1309
What is -100111000001001 (base 2) in base 8?
-47011
Convert 11c (base 14) to base 16.
de
What is 396a1 (base 11) in base 12?
28a03
10111001001 (base 2) to base 14
77b
What is 102211232 (base 4) in base 12?
38092
Convert -6c0 (base 15) to base 6.
-11030
-206 (base 15) to base 5
-3311
446 (base 12) to base 4
21312
-3c9 (base 14) to base 16
-2fd
Convert 20b5 (base 16) to base 12.
4a19
329 (base 12) to base 14
253
Convert -541 (base 6) to base 12.
-151
What is 295 (base 12) in base 13?
24b
What is d563 (base 15) in base 10?
45093
1021110 (base 4) to base 12
2870
What is -112211 (base 6) in base 3?
-111010221
What is 1212331 (base 4) in base 2?
1100110111101
Convert -40582 (base 9) to base 15.
-7db8
20200 (base 3) to base 2
10110100
16433 (base 10) to base 7
65624
-31203 (base 5) to base 13
-c1c
What is -443 (base 8) in base 6?
-1203
399 (base 12) to base 14
2b3
Convert -242ac (base 13) to base 5.
-4111030
What is -41e (base 15) in base 8?
-1641
Convert 3453 (base 9) to base 11.
1a17
What is -5759 (base 10) in base 3?
-21220022
Convert 6c12 (base 13) to base 8.
35571
2826 (base 13) to base 16
1692
What is 320 (base 14) in base 16?
268
Convert -2121 (base 9) to base 14.
-7d4
What is -100010011 (base 2) in base 5?
-2100
-1120112 (base 3) to base 13
-6a4
-a72 (base 15) to base 12
-1445
-110100011001 (base 2) to base 4
-310121
Convert -100001111100111 (base 2) to base 15.
-523d
Convert -33223 (base 4) to base 8.
-1753
-16420 (base 7) to base 11
-3565
Convert -4405 (base 8) to base 16.
-905
Convert -11053 (base 7) to base 14.
-102a
Convert 32251 (base 8) to base 14.
4cad
What is -18c (base 16) in base 8?
-614
Convert -27f8 (base 16) to base 3.
-112000222
Convert 2010112 (base 3) to base 6.
11105
Convert -2114003 (base 5) to base 10.
-35503
Convert 404 (base 12) to base 5.
4310
Convert -1022001 (base 3) to base 16.
-3b2
23326 (base 7) to base 14
2286
-8f (base 16) to base 2
-10001111
894 (base 10) to base 5
12034
Convert 20031 (base 4) to base 10.
525
-35630 (base 7) to base 16
-2411
-4159 (base 11) to base 8
-12605
What is 21100 (base 3) in base 5?
1243
Convert 12932 (base 10) to base 5.
403212
What is -22 (base 11) in base 13?
-1b
What is ac (base 14) in base 9?
178
What is -f3 (base 16) in base 4?
-3303
What is -1001000010010 (base 2) in base 8?
-11022
Convert 6a29 (base 11) to base 14.
3511
What is 21442 (base 5) in base 2?
10111011001
What is -4761 (base 8) in base 7?
-10264
-37